{"id":486,"date":"2025-03-01T23:32:03","date_gmt":"2025-03-01T16:32:03","guid":{"rendered":"https:\/\/khoahoa.dut.udn.vn\/?page_id=486"},"modified":"2025-04-18T13:59:46","modified_gmt":"2025-04-18T06:59:46","slug":"triet-ly-giao-duc","status":"publish","type":"page","link":"https:\/\/khoahoa.dut.udn.vn\/?page_id=486","title":{"rendered":"Tri\u1ebft l\u00fd gi\u00e1o d\u1ee5c"},"content":{"rendered":"<p class=\"thin-font\" data-line-height=\"m\"><strong>Ph\u00e1t bi\u1ec3u tri\u1ebft l\u00fd gi\u00e1o d\u1ee5c c\u1ee7a Tr\u01b0\u1eddng \u0110\u1ea1i h\u1ecdc B\u00e1ch Khoa:<\/strong><\/p>\n<p class=\"thin-font\" data-line-height=\"m\"><strong><em>\u201cT\u01b0 duy, s\u00e1ng t\u1ea1o, nu\u00f4i d\u01b0\u1ee1ng l\u00f2ng nh\u00e2n \u00e1i\u201d<\/em><\/strong><\/p>\n<p class=\"thin-font\" data-line-height=\"m\"><strong>\u00dd ngh\u0129a chung c\u1ee7a tri\u1ebft l\u00fd gi\u00e1o d\u1ee5c<\/strong><\/p>\n<p class=\"thin-font\" data-line-height=\"m\">Tri\u1ebft l\u00fd gi\u00e1o d\u1ee5c l\u00e0 t\u01b0 t\u01b0\u1edfng ch\u1ec9 \u0111\u1ea1o, xuy\u00ean su\u1ed1t nh\u1eb1m h\u01b0\u1edbng \u0111\u1ebfn m\u1ed9t m\u1ee5c \u0111\u00edch c\u1ee5 th\u1ec3 trong n\u1ec1n gi\u00e1o d\u1ee5c c\u1ee7a m\u1ed9t qu\u1ed1c gia, \u1ee9ng v\u1edbi t\u1eebng giai \u0111o\u1ea1n l\u1ecbch s\u1eed. Tri\u1ebft l\u00fd gi\u00e1o d\u1ee5c h\u01b0\u1edbng \u0111\u1ebfn nh\u1eefng k\u1ef3 v\u1ecdng, mong m\u1ecfi c\u1ee7a \u0111\u1ea5t n\u01b0\u1edbc v\u1edbi m\u1ed7i c\u00f4ng d\u00e2n trong vi\u1ec7c \u0111\u00f3ng g\u00f3p tr\u00ed tu\u1ec7, s\u1ee9c l\u1ef1c, tr\u00e1ch nhi\u1ec7m v\u1edbi d\u00e2n t\u1ed9c.<\/p>\n<p class=\"thin-font\" data-line-height=\"m\">Tr\u01b0\u1eddng \u0110\u1ea1i h\u1ecdc B\u00e1ch khoa v\u1edbi tri\u1ebft l\u00fd gi\u00e1o d\u1ee5c\u00a0<strong><em>T\u01b0 duy, s\u00e1ng t\u1ea1o, nu\u00f4i d\u01b0\u1ee1ng l\u00f2ng nh\u00e2n \u00e1i<\/em>\u00a0<\/strong>\u0111\u00e3 h\u01b0\u1edbng \u0111\u1ebfn m\u1ee5c ti\u00eau \u0111\u00e0o t\u1ea1o ra nh\u1eefng con ng\u01b0\u1eddi \u0111\u1ea7y tr\u00ed tu\u1ec7, b\u1ea3n l\u0129nh; c\u00f3 kh\u1ea3 n\u0103ng t\u01b0 duy \u0111\u1ed9c l\u1eadp, bi\u1ebft s\u00e1ng t\u1ea1o nh\u1eefng c\u00e1i m\u1edbi c\u00f3 \u00edch, bi\u1ebft ph\u00ea ph\u00e1n, ph\u1ea3n bi\u1ec7n v\u00e0 c\u00f3 m\u1ed9t t\u1ea5m l\u00f2ng nh\u00e2n \u00e1i, bi\u1ebft y\u00eau th\u01b0\u01a1ng v\u00e0 quan t\u00e2m \u0111\u1ebfn m\u1ecdi ng\u01b0\u1eddi xung quanh, c\u00f3 tr\u00e1ch nhi\u1ec7m v\u1edbi T\u1ed5 qu\u1ed1c.<\/p>\n<p class=\"thin-font\" data-line-height=\"m\"><strong>N\u1ed9i dung c\u1ee7a Tri\u1ebft l\u00fd gi\u00e1o d\u1ee5c<\/strong><\/p>\n<p class=\"thin-font\" data-line-height=\"m\"><strong>* T\u01b0 duy:<\/strong>\u00a0l\u00e0 ho\u1ea1t \u0111\u1ed9ng c\u1ea7n c\u00f3 c\u1ee7a qu\u00e1 tr\u00ecnh h\u1ecdc t\u1eadp. C\u00f3 t\u01b0 duy ng\u01b0\u1eddi h\u1ecdc m\u1edbi c\u00f3 th\u1ec3 v\u1eadn d\u1ee5ng, s\u00e1ng t\u1ea1o t\u1eeb c\u00e1c ki\u1ebfn th\u1ee9c thu nh\u1eadn \u0111\u01b0\u1ee3c trong qu\u00e1 tr\u00ecnh h\u1ecdc t\u1eadp. \u0110\u00e2y l\u00e0 n\u1ec1n t\u00e0ng c\u01a1 b\u1ea3n cho s\u1ef1 t\u1ef1 h\u1ecdc, t\u00ecm t\u00f2i, kh\u00e1m ph\u00e1, ph\u00ea ph\u00e1n v\u00e0 t\u1ef1 b\u1ed5 sung ki\u1ebfn th\u1ee9c, tri th\u1ee9c.<\/p>\n<p class=\"thin-font\" data-line-height=\"m\"><strong>* S\u00e1ng t\u1ea1o:<\/strong>\u00a0c\u00f3 s\u00e1ng t\u1ea1o m\u1edbi t\u00ecm ra nh\u1eefng c\u00e1i m\u1edbi trong khoa h\u1ecdc k\u1ef9 thu\u1eadt ph\u1ee5c v\u1ee5 \u0111\u1eddi s\u1ed1ng, ph\u1ee5c v\u1ee5 con ng\u01b0\u1eddi. S\u00e1ng t\u1ea1o l\u00e0 n\u1ec1n t\u1ea3ng t\u1ea1o ra c\u00e1c ph\u00e1t minh, \u1ee9ng d\u1ee5ng thi\u1ebft th\u1ef1c.<\/p>\n<p class=\"thin-font\" data-line-height=\"m\"><strong>* Nu\u00f4i d\u01b0\u1ee1ng l\u00f2ng nh\u00e2n \u00e1i:<\/strong>\u00a0L\u00f2ng nh\u00e2n \u00e1i s\u1ebd gi\u00fap cho sinh vi\u00ean lu\u00f4n h\u01b0\u1edbng t\u1edbi ph\u1ee5c v\u1ee5 c\u1ed9ng \u0111\u1ed3ng, s\u1ed1ng v\u1ecb tha, c\u00f3 tr\u00e1ch nhi\u1ec7m v\u1edbi x\u00e3 h\u1ed9i, tr\u1edf th\u00e0nh nh\u1eefng ng\u01b0\u1eddi c\u00f4ng d\u00e2n t\u1ed1t, bi\u1ebft ch\u0103m lo, hi\u1ebfu th\u1ea3o v\u1edbi c\u00e1c b\u1eadc sinh th\u00e0nh.<\/p>\n<p class=\"thin-font\" data-line-height=\"m\">C\u00e1c n\u1ed9i dung c\u1ee7a Tri\u1ebft l\u00fd gi\u00e1o d\u1ee5c c\u1ee7a Tr\u01b0\u1eddng \u0110\u1ea1i h\u1ecdc B\u00e1ch khoa ph\u00f9 h\u1ee3p y\u00eau c\u1ea7u \u0111\u1ed5i m\u1edbi c\u1ee7a \u0111\u1ea5t n\u01b0\u1edbc; Tho\u1ea3 m\u00e3n nhu c\u1ea7u c\u0103n b\u1ea3n c\u1ee7a ng\u01b0\u1eddi h\u1ecdc, c\u1ee7a x\u00e3 h\u1ed9i \u1edf m\u1ecdi th\u1eddi \u0111\u1ea1i: h\u1ecdc \u0111\u1ec3\u00a0bi\u1ebft t\u01b0 duy, \u0111\u1ec3 l\u00e0m vi\u1ec7c c\u00f3 \u00edch cho x\u00e3 h\u1ed9i; Bao tr\u00f9m tinh th\u1ea7n ch\u1ee7 \u0111\u1ea1o c\u1ee7a m\u1ee5c ti\u00eau s\u1ee9 m\u1ea1ng c\u1ee7a Nh\u00e0 tr\u01b0\u1eddng; L\u00e0 kim ch\u1ec9 nam cho m\u1ecdi ho\u1ea1t \u0111\u1ed9ng gi\u00e1o d\u1ee5c c\u1ee7a Nh\u00e0 tr\u01b0\u1eddng. \u0110\u1eb7c bi\u1ec7t, Tri\u1ebft l\u00fd gi\u00e1o d\u1ee5c c\u1ee7a Tr\u01b0\u1eddng \u0111\u00e1p \u1ee9ng \u0111\u01b0\u1ee3c\u00a0y\u00eau c\u1ea7u b\u1ee9c thi\u1ebft\u00a0c\u1ee7a x\u00e3 h\u1ed9i tr\u01b0\u1edbc nh\u1eefng bi\u1ec3u hi\u1ec7n l\u1ec7ch l\u1ea1c\u00a0v\u1ec1 \u0111\u1ea1o \u0111\u1ee9c, l\u1ed1i s\u1ed1ng, l\u00f2ng tin\u2026<\/p>\n","protected":false},"excerpt":{"rendered":"<p>Ph\u00e1t bi\u1ec3u tri\u1ebft l\u00fd gi\u00e1o d\u1ee5c c\u1ee7a Tr\u01b0\u1eddng \u0110\u1ea1i h\u1ecdc B\u00e1ch Khoa: \u201cT\u01b0 duy, s\u00e1ng t\u1ea1o, nu\u00f4i d\u01b0\u1ee1ng l\u00f2ng nh\u00e2n \u00e1i\u201d \u00dd ngh\u0129a chung c\u1ee7a tri\u1ebft l\u00fd gi\u00e1o d\u1ee5c Tri\u1ebft l\u00fd gi\u00e1o d\u1ee5c l\u00e0 t\u01b0 t\u01b0\u1edfng ch\u1ec9 \u0111\u1ea1o, xuy\u00ean su\u1ed1t nh\u1eb1m h\u01b0\u1edbng \u0111\u1ebfn m\u1ed9t m\u1ee5c \u0111\u00edch c\u1ee5 th\u1ec3 trong n\u1ec1n gi\u00e1o d\u1ee5c c\u1ee7a m\u1ed9t qu\u1ed1c [&#8230;]\n","protected":false},"author":1,"featured_media":0,"parent":0,"menu_order":0,"comment_status":"closed","ping_status":"closed","template":"","meta":{"footnotes":""},"class_list":["post-486","page","type-page","status-publish","hentry"],"yoast_head":"<!-- This site is optimized with the Yoast SEO plugin v25.7 - https:\/\/yoast.com\/wordpress\/plugins\/seo\/ -->\n<title>Tri\u1ebft l\u00fd gi\u00e1o d\u1ee5c - KHOA H\u00d3A<\/title>\n<meta name=\"robots\" content=\"index, follow, max-snippet:-1, max-image-preview:large, max-video-preview:-1\" \/>\n<link rel=\"canonical\" href=\"https:\/\/khoahoa.dut.udn.vn\/?page_id=486\" \/>\n<meta property=\"og:locale\" content=\"en_US\" \/>\n<meta property=\"og:type\" content=\"article\" \/>\n<meta property=\"og:title\" content=\"Tri\u1ebft l\u00fd gi\u00e1o d\u1ee5c - KHOA H\u00d3A\" \/>\n<meta property=\"og:description\" content=\"Ph\u00e1t bi\u1ec3u tri\u1ebft l\u00fd gi\u00e1o d\u1ee5c c\u1ee7a Tr\u01b0\u1eddng \u0110\u1ea1i h\u1ecdc B\u00e1ch Khoa: \u201cT\u01b0 duy, s\u00e1ng t\u1ea1o, nu\u00f4i d\u01b0\u1ee1ng l\u00f2ng nh\u00e2n \u00e1i\u201d \u00dd ngh\u0129a chung c\u1ee7a tri\u1ebft l\u00fd gi\u00e1o d\u1ee5c Tri\u1ebft l\u00fd gi\u00e1o d\u1ee5c l\u00e0 t\u01b0 t\u01b0\u1edfng ch\u1ec9 \u0111\u1ea1o, xuy\u00ean su\u1ed1t nh\u1eb1m h\u01b0\u1edbng \u0111\u1ebfn m\u1ed9t m\u1ee5c \u0111\u00edch c\u1ee5 th\u1ec3 trong n\u1ec1n gi\u00e1o d\u1ee5c c\u1ee7a m\u1ed9t qu\u1ed1c [...]\" \/>\n<meta property=\"og:url\" content=\"https:\/\/khoahoa.dut.udn.vn\/?page_id=486\" \/>\n<meta property=\"og:site_name\" content=\"KHOA H\u00d3A\" \/>\n<meta property=\"article:modified_time\" content=\"2025-04-18T06:59:46+00:00\" \/>\n<meta name=\"twitter:card\" content=\"summary_large_image\" \/>\n<meta name=\"twitter:label1\" content=\"Est. reading time\" \/>\n\t<meta name=\"twitter:data1\" content=\"2 minutes\" \/>\n<script type=\"application\/ld+json\" class=\"yoast-schema-graph\">{\"@context\":\"https:\/\/schema.org\",\"@graph\":[{\"@type\":\"WebPage\",\"@id\":\"https:\/\/khoahoa.dut.udn.vn\/?page_id=486\",\"url\":\"https:\/\/khoahoa.dut.udn.vn\/?page_id=486\",\"name\":\"Tri\u1ebft l\u00fd gi\u00e1o d\u1ee5c - KHOA H\u00d3A\",\"isPartOf\":{\"@id\":\"https:\/\/khoahoa.dut.udn.vn\/#website\"},\"datePublished\":\"2025-03-01T16:32:03+00:00\",\"dateModified\":\"2025-04-18T06:59:46+00:00\",\"breadcrumb\":{\"@id\":\"https:\/\/khoahoa.dut.udn.vn\/?page_id=486#breadcrumb\"},\"inLanguage\":\"en-US\",\"potentialAction\":[{\"@type\":\"ReadAction\",\"target\":[\"https:\/\/khoahoa.dut.udn.vn\/?page_id=486\"]}]},{\"@type\":\"BreadcrumbList\",\"@id\":\"https:\/\/khoahoa.dut.udn.vn\/?page_id=486#breadcrumb\",\"itemListElement\":[{\"@type\":\"ListItem\",\"position\":1,\"name\":\"Home\",\"item\":\"https:\/\/khoahoa.dut.udn.vn\/\"},{\"@type\":\"ListItem\",\"position\":2,\"name\":\"Tri\u1ebft l\u00fd gi\u00e1o d\u1ee5c\"}]},{\"@type\":\"WebSite\",\"@id\":\"https:\/\/khoahoa.dut.udn.vn\/#website\",\"url\":\"https:\/\/khoahoa.dut.udn.vn\/\",\"name\":\"KHOA H\u00d3A\",\"description\":\"\",\"potentialAction\":[{\"@type\":\"SearchAction\",\"target\":{\"@type\":\"EntryPoint\",\"urlTemplate\":\"https:\/\/khoahoa.dut.udn.vn\/?s={search_term_string}\"},\"query-input\":{\"@type\":\"PropertyValueSpecification\",\"valueRequired\":true,\"valueName\":\"search_term_string\"}}],\"inLanguage\":\"en-US\"}]}<\/script>\n<!-- \/ Yoast SEO plugin. -->","yoast_head_json":{"title":"Tri\u1ebft l\u00fd gi\u00e1o d\u1ee5c - KHOA H\u00d3A","robots":{"index":"index","follow":"follow","max-snippet":"max-snippet:-1","max-image-preview":"max-image-preview:large","max-video-preview":"max-video-preview:-1"},"canonical":"https:\/\/khoahoa.dut.udn.vn\/?page_id=486","og_locale":"en_US","og_type":"article","og_title":"Tri\u1ebft l\u00fd gi\u00e1o d\u1ee5c - KHOA H\u00d3A","og_description":"Ph\u00e1t bi\u1ec3u tri\u1ebft l\u00fd gi\u00e1o d\u1ee5c c\u1ee7a Tr\u01b0\u1eddng \u0110\u1ea1i h\u1ecdc B\u00e1ch Khoa: \u201cT\u01b0 duy, s\u00e1ng t\u1ea1o, nu\u00f4i d\u01b0\u1ee1ng l\u00f2ng nh\u00e2n \u00e1i\u201d \u00dd ngh\u0129a chung c\u1ee7a tri\u1ebft l\u00fd gi\u00e1o d\u1ee5c Tri\u1ebft l\u00fd gi\u00e1o d\u1ee5c l\u00e0 t\u01b0 t\u01b0\u1edfng ch\u1ec9 \u0111\u1ea1o, xuy\u00ean su\u1ed1t nh\u1eb1m h\u01b0\u1edbng \u0111\u1ebfn m\u1ed9t m\u1ee5c \u0111\u00edch c\u1ee5 th\u1ec3 trong n\u1ec1n gi\u00e1o d\u1ee5c c\u1ee7a m\u1ed9t qu\u1ed1c [...]","og_url":"https:\/\/khoahoa.dut.udn.vn\/?page_id=486","og_site_name":"KHOA H\u00d3A","article_modified_time":"2025-04-18T06:59:46+00:00","twitter_card":"summary_large_image","twitter_misc":{"Est. reading time":"2 minutes"},"schema":{"@context":"https:\/\/schema.org","@graph":[{"@type":"WebPage","@id":"https:\/\/khoahoa.dut.udn.vn\/?page_id=486","url":"https:\/\/khoahoa.dut.udn.vn\/?page_id=486","name":"Tri\u1ebft l\u00fd gi\u00e1o d\u1ee5c - KHOA H\u00d3A","isPartOf":{"@id":"https:\/\/khoahoa.dut.udn.vn\/#website"},"datePublished":"2025-03-01T16:32:03+00:00","dateModified":"2025-04-18T06:59:46+00:00","breadcrumb":{"@id":"https:\/\/khoahoa.dut.udn.vn\/?page_id=486#breadcrumb"},"inLanguage":"en-US","potentialAction":[{"@type":"ReadAction","target":["https:\/\/khoahoa.dut.udn.vn\/?page_id=486"]}]},{"@type":"BreadcrumbList","@id":"https:\/\/khoahoa.dut.udn.vn\/?page_id=486#breadcrumb","itemListElement":[{"@type":"ListItem","position":1,"name":"Home","item":"https:\/\/khoahoa.dut.udn.vn\/"},{"@type":"ListItem","position":2,"name":"Tri\u1ebft l\u00fd gi\u00e1o d\u1ee5c"}]},{"@type":"WebSite","@id":"https:\/\/khoahoa.dut.udn.vn\/#website","url":"https:\/\/khoahoa.dut.udn.vn\/","name":"KHOA H\u00d3A","description":"","potentialAction":[{"@type":"SearchAction","target":{"@type":"EntryPoint","urlTemplate":"https:\/\/khoahoa.dut.udn.vn\/?s={search_term_string}"},"query-input":{"@type":"PropertyValueSpecification","valueRequired":true,"valueName":"search_term_string"}}],"inLanguage":"en-US"}]}},"_links":{"self":[{"href":"https:\/\/khoahoa.dut.udn.vn\/index.php?rest_route=\/wp\/v2\/pages\/486","targetHints":{"allow":["GET"]}}],"collection":[{"href":"https:\/\/khoahoa.dut.udn.vn\/index.php?rest_route=\/wp\/v2\/pages"}],"about":[{"href":"https:\/\/khoahoa.dut.udn.vn\/index.php?rest_route=\/wp\/v2\/types\/page"}],"author":[{"embeddable":true,"href":"https:\/\/khoahoa.dut.udn.vn\/index.php?rest_route=\/wp\/v2\/users\/1"}],"replies":[{"embeddable":true,"href":"https:\/\/khoahoa.dut.udn.vn\/index.php?rest_route=%2Fwp%2Fv2%2Fcomments&post=486"}],"version-history":[{"count":4,"href":"https:\/\/khoahoa.dut.udn.vn\/index.php?rest_route=\/wp\/v2\/pages\/486\/revisions"}],"predecessor-version":[{"id":878,"href":"https:\/\/khoahoa.dut.udn.vn\/index.php?rest_route=\/wp\/v2\/pages\/486\/revisions\/878"}],"wp:attachment":[{"href":"https:\/\/khoahoa.dut.udn.vn\/index.php?rest_route=%2Fwp%2Fv2%2Fmedia&parent=486"}],"curies":[{"name":"wp","href":"https:\/\/api.w.org\/{rel}","templated":true}]}}