{"id":490,"date":"2025-03-01T23:32:03","date_gmt":"2025-03-01T16:32:03","guid":{"rendered":"https:\/\/khoahoa.dut.udn.vn\/?page_id=490"},"modified":"2025-04-18T16:42:29","modified_gmt":"2025-04-18T09:42:29","slug":"co-so-vat-chat-dao-tao-nckh","status":"publish","type":"page","link":"https:\/\/khoahoa.dut.udn.vn\/?page_id=490","title":{"rendered":"C\u01a1 s\u1edf v\u1eadt ch\u1ea5t \u0110\u00e0o t\u1ea1o &#038; NCKH"},"content":{"rendered":"<h2>C\u01a1 s\u1edf v\u1eadt ch\u1ea5t \u0110\u00e0o t\u1ea1o v\u00e0 Nghi\u00ean c\u1ee9u khoa h\u1ecdc<\/h2>\n<p>C\u00f9ng v\u1edbi s\u1ef1 ph\u00e1t tri\u1ec3n c\u01a1 s\u1edf v\u1eadt ch\u1ea5t c\u1ee7a tr\u01b0\u1eddng \u0110\u1ea1i h\u1ecdc B\u00e1ch khoa, khoa H\u00f3a trong nh\u1eefng n\u0103m g\u1ea7n \u0111\u00e2y \u0111\u00e3 \u0111\u01b0\u1ee3c trang b\u1ecb ng\u00e0y c\u00e0ng nhi\u1ec1u c\u00e1c ph\u00f2ng th\u00ed nghi\u1ec7m v\u1edbi trang thi\u1ebft b\u1ecb ph\u00f9 h\u1ee3p v\u00e0 hi\u1ec7n \u0111\u1ea1i. \u0110\u1ebfn nay khoa \u0111\u00e3 c\u00f3 11 ph\u00f2ng th\u00ed nghi\u1ec7m chuy\u00ean ng\u00e0nh v\u00e0 m\u1ed9t x\u01b0\u1edfng th\u1ef1c h\u00e0nh c\u00f4ng ngh\u1ec7 th\u1ef1c ph\u1ea9m v\u1ec1 c\u00e1c l\u0129nh v\u1ef1c c\u00f4ng ngh\u1ec7 sinh h\u1ecdc, th\u1ef1c ph\u1ea9m, k\u1ef9 thu\u1eadt h\u00f3a h\u1ecdc polymer&amp;silicat, k\u1ef9 thu\u1eadt d\u1ea7u kh\u00ed, trong \u0111\u00f3 c\u00f3 nh\u1eefng ph\u00f2ng th\u00ed nghi\u1ec7m \u0111\u01b0\u1ee3c trang b\u1ecb kh\u00e1 t\u1ed1t. \u0110\u1eb7c bi\u1ec7t ph\u00f2ng th\u00ed nghi\u1ec7m k\u1ef9 thu\u1eadt d\u1ea7u kh\u00ed tr\u1ecb gi\u00e1 58 t\u1ef7 \u0111\u1ed3ng \u0111ang trong giai \u0111o\u1ea1n \u0111\u1ea7u t\u01b0 ho\u00e0n thi\u1ec7n.<\/p>\n<p>M\u1ed9t s\u1ed1 thi\u1ebft b\u1ecb nghi\u00ean c\u1ee9u v\u00e0 gi\u1ea3ng d\u1ea1y hi\u1ec7n \u0111ang \u0111\u01b0\u1ee3c trang b\u1ecb t\u1ea1i c\u00e1c ph\u00f2ng th\u00ed nghi\u1ec7m trong khoa nh\u01b0 sau:<\/p>\n<div>\n<table border=\"1\" cellspacing=\"0\" cellpadding=\"2\">\n<tbody>\n<tr>\n<td><strong>STT<\/strong><\/td>\n<td><strong>T\u00ean<\/strong><\/td>\n<td><strong>C\u00e1c trang thi\u1ebft b\u1ecb ch\u00ednh<\/strong><\/td>\n<\/tr>\n<tr>\n<td>1<\/td>\n<td>Ph\u00f2ng th\u00ed nghi\u1ec7m silicat<\/td>\n<td>&#8211; M\u00e1y b\u1eafn ki\u1ec3m tra b\u00ea t\u00f4ng<\/p>\n<p>&#8211; M\u00e1y nghi\u1ec1n bi s\u1ee9<\/p>\n<p>&#8211; T\u1ee7 s\u1ea5y<\/p>\n<p>&#8211; L\u00f2 nung 1400<sup>o<\/sup>C<\/p>\n<p>&#8211; M\u00e1y n\u00e9n kh\u00ed<\/p>\n<p>&#8211; M\u00e1y x\u00e1c \u0111\u1ecbnh \u0111\u1ed9 m\u1ecbn xi m\u0103ng<\/p>\n<p>&#8211; M\u00e1y \u0111\u00f9n \u00e9p ch\u00e2n kh\u00f4ng<\/p>\n<p>&#8211; M\u00e1y th\u1eed c\u01b0\u1eddng \u0111\u1ed9 n\u00e9n v\u1eadt li\u1ec7u<\/p>\n<p>&#8211; M\u00e1y quang ph\u1ed5 so m\u00e0u<\/td>\n<\/tr>\n<tr>\n<td>2<\/td>\n<td>Ph\u00f2ng th\u00ed nghi\u1ec7m polymer<\/td>\n<td>&#8211; M\u00e1y \u0111o k\u00e9o, n\u00e9n, u\u1ed1n<\/p>\n<p>&#8211; M\u00e1y \u0111o \u0111\u1ed9 b\u1ec1n va \u0111\u1eadp<\/p>\n<p>&#8211; M\u00e1y \u0111\u00f9n v\u00e0 \u0111\u00fac t\u1ea1o m\u1eabu<\/p>\n<p>&#8211; M\u00e1y \u00e9p th\u1ee7y l\u1ef1c<\/p>\n<p>&#8211; T\u1ee7 s\u1ea5y<\/td>\n<\/tr>\n<tr>\n<td>3<\/td>\n<td>Ph\u00f2ng th\u00ed nghi\u1ec7m h\u00f3a d\u1ea7u<\/td>\n<td>&#8211; TB ch\u01b0ng c\u1ea5t ASTM D86 (Koehler)<\/p>\n<p>&#8211; T\u1ef7 tr\u1ecdng k\u1ebf<\/p>\n<p>&#8211; TB \u0111o \u0111i\u1ec3m ch\u1edbp ch\u00e1y (Koehler)<\/p>\n<p>&#8211; TB \u0111o \u0111\u1ed9 nh\u1edbt c\u00e1c s\u1ea3n ph\u1ea9m d\u1ea7u m\u1ecf (Koehler)<\/p>\n<p>&#8211; TB x\u00e1c \u0111\u1ecbnh \u0111i\u1ec3m anilin (Koehler)<\/p>\n<p>&#8211; TB x\u00e1c \u0111\u1ecbnh h\u00e0m l\u01b0\u1ee3ng c\u1eb7n cacbon (Koehler)<\/p>\n<p>&#8211; TB x\u00e1c \u0111\u1ecbnh \u0111\u1ed9 \u1ed5n \u0111\u1ecbnh oxy h\u00f3a c\u1ee7a d\u1ea7u m\u1ee1 b\u00f4i tr\u01a1n (Koehler)<\/p>\n<p>&#8211; TB \u0111o nhi\u1ec7t tr\u1ecb (IKA)<\/p>\n<p>&#8211; T\u1ee7 nung (Nabertherm)<\/p>\n<p>&#8211; T\u1ee7 s\u1ea5y (Memmert)<\/td>\n<\/tr>\n<tr>\n<td>4<\/td>\n<td>Ph\u00f2ng th\u00ed nghi\u1ec7m c\u00f4ng ngh\u1ec7 ch\u1ebf bi\u1ebfn kh\u00ed<\/td>\n<td>&#8211; H\u1ec7 th\u1ed1ng quang ph\u1ed5 t\u1eed ngo\u1ea1i kh\u1ea3 ki\u1ebfn Cary 60 (Agilent)<\/p>\n<p>&#8211; C\u00e2n ph\u00e2n t\u00edch \u0111i\u1ec7n t\u1eed hi\u1ec7n s\u1ed1 (Sartorius)<\/p>\n<p>&#8211; TB x\u00e1c \u0111\u1ecbnh h\u00e0m l\u01b0\u1ee3ng l\u01b0u hu\u1ef3nh XRF (Phoenix II)<\/p>\n<p>&#8211; H\u1ec7 th\u1ed1ng s\u1eafc k\u00fd l\u1ecfng cao \u00e1p HPLC (Agilent)<\/p>\n<p>&#8211; TB ph\u00e2n t\u00edch d\u1ea7u th\u00f4 C1-C100 (Agilent -Wasson)<\/p>\n<p>&#8211; M\u00e1y quang ph\u1ed5 h\u1ed3ng ngo\u1ea1i bi\u1ebfn \u0111\u1ed5i chu\u1ed5i FT-IR (Thermo)<\/p>\n<p>&#8211; H\u1ec7 th\u1ed1ng s\u1eafc k\u00fd kh\u1ed1i ph\u1ed5 GCMS (THERMO)<\/p>\n<p>&#8211; TB x\u00e1c \u0111\u1ecbnh b\u1ec1 m\u1eb7t ri\u00eang ASAP2020\u00a0 (Micromeritics)<\/p>\n<p>&#8211; K\u00ednh hi\u1ec3n vi \u0111i\u1ec7n t\u1eed qu\u00e9t SEM JSM-6010PLUS\/LV (JEOL)<\/p>\n<p>&#8211; H\u1ec7 ph\u00e2n t\u00edch nhi\u1ec7t tr\u1ecdng tr\u01b0\u1eddng TGA\/DSC (Perkin-Helmer)<\/p>\n<p>&#8211; M\u00e1y \u0111\u1ed3ng h\u00f3a si\u00eau \u00e2m UP400s (Hielscher)<\/p>\n<p>&#8211; M\u00e1y khu\u1ea5y t\u1eeb gia nhi\u1ec7t (ARECX)<\/p>\n<p>&#8211; B\u1ec3 r\u1eeda si\u00eau \u00e2m (S60H Elma)<\/p>\n<p>&#8211; M\u00e1y c\u00f4 quay ch\u00e2n kh\u00f4ng hi\u1ec7n s\u1ed1 RV 10 Digital V (IKA)<\/p>\n<p>&#8211; TB x\u00e1c \u0111\u1ecbnh \u0111\u01b0\u1eddng cong ch\u01b0ng c\u1ea5t \u0111i\u1ec3m s\u00f4i th\u1ef1c (Petrodist 100s-6i)<\/p>\n<p>&#8211; TB ph\u1ea3n \u1ee9ng li\u00ean t\u1ee5c BTRS-jr (Parker)<\/p>\n<p>&#8211; TB s\u1eafc k\u00fd ph\u00e2n t\u00edch kh\u00ed d\u1ea7u m\u1ecf\u00a0 B7890 (Agilent-Wasson)<\/p>\n<p>&#8211; T\u1ee7 s\u1ea5y (Memmert)<\/p>\n<p>&#8211; T\u1ee7 nung (Nabertherm 1200)<\/p>\n<p>&#8211; T\u1ee7 h\u00fat<\/p>\n<p>&#8211; M\u00e1y c\u1ea5t n\u01b0\u1edbc 2 l\u1ea7n (FISTREEM)<\/p>\n<p>&#8211; TB x\u00e1c \u0111\u1ecbnh \u0111\u1ed9 \u0103n m\u00f2n t\u1ea5m \u0111\u1ed3ng (Koehler)<\/p>\n<p>&#8211; TB \u0111o \u00e1p su\u1ea5t h\u01a1i b\u00e3o h\u00f2a c\u1ee7a x\u0103ng\u00a0 ASTM 5191 (ERAVAP-ERALYTIC)<\/p>\n<p>&#8211; M\u00e1y ly t\u00e2m 2000 v\u00f2ng (Orto Alresa)<\/p>\n<p>&#8211; TB \u0111o nhi\u1ec5u x\u1ea1 tia X (smartlab Rigaku)<\/td>\n<\/tr>\n<tr>\n<td>5<\/td>\n<td>Ph\u00f2ng th\u00ed nghi\u1ec7m C\u00f4ng ngh\u1ec7 Sinh h\u1ecdc<\/td>\n<td>&#8211; PCR<\/p>\n<p>&#8211; PCR realtime<\/p>\n<p>&#8211; HPCL<\/p>\n<p>&#8211; Thi\u1ebft b\u1ecb ph\u00e1 t\u1ebf b\u00e0o b\u1eb1ng si\u00eau \u00e2m<\/p>\n<p>&#8211; H\u1ec7 th\u1ed1ng l\u00ean men<\/p>\n<p>&#8211; M\u00e1y li t\u00e2m t\u1ed1c \u0111\u1ed9 cao<\/p>\n<p>&#8211; H\u1ec7 th\u1ed1ng elisa<\/p>\n<p>&#8211; B\u1ed9 \u0111i\u1ec7n di mao d\u1eabn<\/p>\n<p>&#8211; Thi\u1ebft b\u1ecb s\u1ea5y phun<\/p>\n<p>&#8211; H\u1ec7 th\u1ed1ng tinh s\u1ea1ch protein<\/p>\n<p>&#8211; H\u1ec7 th\u1ed1ng ly tr\u00edch protein theo \u0111i\u1ec3m \u0111\u1eb3ng \u0111i\u1ec7n<\/p>\n<p>&#8211; Thi\u1ebft b\u1ecb chuy\u1ec3n l\u00ean m\u00e0ng lai<\/p>\n<p>&#8211; M\u00e1y chuy\u1ec3n gen xung \u0111i\u1ec7n<\/td>\n<\/tr>\n<tr>\n<td>6<\/td>\n<td>Ph\u00f2ng th\u00ed ngh\u1ec7m Nu\u00f4i c\u1ea5y m\u00f4<\/td>\n<td>&#8211; Bu\u1ed3ng nu\u00f4i c\u1ea5y vi sinh v\u1eadt v\u00f4 trung<\/p>\n<p>&#8211; M\u00e1y khu\u1ea5y t\u1eeb c\u00f3 gia nhi\u1ec7t<\/p>\n<p>&#8211; T\u1ee7 vi kh\u00ed h\u1eadu<\/p>\n<p>&#8211; H\u1ec7 th\u1ed1ng l\u00ean men t\u1ebf b\u00e0o th\u1ef1c v\u1eadt<\/p>\n<p>&#8211; K\u00ednh hi\u1ec3n vi quang h\u1ecdc<\/td>\n<\/tr>\n<tr>\n<td>7<\/td>\n<td>Ph\u00f2ng th\u00ed nghi\u1ec7m H\u00f3a sinh<\/td>\n<td>&#8211; H\u1ec7 th\u1ed1ng m\u00e1y ph\u00e2n t\u00edch protein<\/p>\n<p>&#8211; H\u1ec7 th\u1ed1ng m\u00e1y ph\u00e2n t\u00edch lipid<\/p>\n<p>&#8211; M\u00e1y ph\u00e2n t\u00edch ch\u1ea5t x\u01a1<\/p>\n<p>&#8211; T\u1ee7 s\u1ea5y<\/p>\n<p>&#8211; M\u00e1y s\u1eafc k\u00fd l\u1ecfng HPLC<\/p>\n<p>&#8211; H\u1ec7 th\u1ed1ng chi\u1ebft pha r\u1eafn<\/p>\n<p>&#8211; M\u00e1y ph\u00e2n t\u00edch \u1ea9m nhanh<\/p>\n<p>&#8211; C\u00e1c c\u00e2n \u0111i\u1ec7n t\u1eed<\/p>\n<p>&#8211; B\u1ec3 si\u00eau \u00e2m<\/td>\n<\/tr>\n<tr>\n<td>8<\/td>\n<td>Ph\u00f2ng th\u00ed nghi\u1ec7m Vi sinh<\/td>\n<td>&#8211; K\u00ednh hi\u1ec3n vi ch\u1ee5p \u1ea3nh<\/p>\n<p>&#8211; C\u00e1c k\u00ednh hi\u1ec3n vi<\/p>\n<p>&#8211; M\u00e1y \u0111\u1ebfm khu\u1ea9n l\u1ea1c<\/p>\n<p>&#8211; T\u1ee7 ti\u1ec7t tr\u00f9ng<\/p>\n<p>&#8211; M\u00e1y nu\u00f4i c\u1ea5y l\u1eafc \u1ed5n nhi\u1ec7t<\/p>\n<p>&#8211; T\u1ee7 \u1ea5m<\/p>\n<p>&#8211; M\u00e1y ly t\u00e2m<\/td>\n<\/tr>\n<tr>\n<td>9<\/td>\n<td>Ph\u00f2ng th\u00ed nghi\u1ec7m C\u00f4ng ngh\u1ec7 th\u1ef1c ph\u1ea9m<\/td>\n<td>&#8211; T\u1ee7 s\u1ea5y<\/p>\n<p>&#8211; L\u00f2 n\u01b0\u1edbng<\/p>\n<p>&#8211; M\u00e1y \u0111o n\u1ed3ng \u0111\u1ed9 ch\u1ea5t kh\u00f4<\/p>\n<p>&#8211; D\u1ee5ng c\u1ee5 t\u1ea1o h\u00ecnh b\u00e1nh<\/p>\n<p>&#8211; B\u1ec3 \u0111un c\u00e1ch th\u1ee7y<\/td>\n<\/tr>\n<tr>\n<td>10<\/td>\n<td>Ph\u00f2ng th\u00ed nghi\u1ec7m \u0110\u00e1nh gi\u00e1 c\u1ea3m quan<\/td>\n<td>&#8211; H\u1ec7 th\u1ed1ng b\u00e0n gh\u1ebf, \u0111\u00e8n chi\u1ebfu s\u00e1ng<\/td>\n<\/tr>\n<tr>\n<td>11<\/td>\n<td>X\u01b0\u1edfng th\u1ef1c h\u00e0nh c\u00f4ng ngh\u1ec7 th\u1ef1c ph\u1ea9m<\/td>\n<td>&#8211; M\u00e1y bao g\u00f3i ch\u00e2n kh\u00f4ng<\/p>\n<p>&#8211; M\u00e1y nu\u00f4i c\u1ea5y l\u1eafc<\/p>\n<p>&#8211; M\u00e1y ly t\u00e2m<\/p>\n<p>&#8211; M\u00e1y nh\u00e0o b\u1ed9t<\/p>\n<p>&#8211; T\u1ee7 \u1ee7 b\u00e1nh<\/p>\n<p>&#8211; L\u00f2 n\u01b0\u1edbng b\u00e1nh<\/td>\n<\/tr>\n<\/tbody>\n<\/table>\n<\/div>\n","protected":false},"excerpt":{"rendered":"<p>C\u01a1 s\u1edf v\u1eadt ch\u1ea5t \u0110\u00e0o t\u1ea1o v\u00e0 Nghi\u00ean c\u1ee9u khoa h\u1ecdc C\u00f9ng v\u1edbi s\u1ef1 ph\u00e1t tri\u1ec3n c\u01a1 s\u1edf v\u1eadt ch\u1ea5t c\u1ee7a tr\u01b0\u1eddng \u0110\u1ea1i h\u1ecdc B\u00e1ch khoa, khoa H\u00f3a trong nh\u1eefng n\u0103m g\u1ea7n \u0111\u00e2y \u0111\u00e3 \u0111\u01b0\u1ee3c trang b\u1ecb ng\u00e0y c\u00e0ng nhi\u1ec1u c\u00e1c ph\u00f2ng th\u00ed nghi\u1ec7m v\u1edbi trang thi\u1ebft b\u1ecb ph\u00f9 h\u1ee3p v\u00e0 hi\u1ec7n \u0111\u1ea1i. \u0110\u1ebfn nay [&#8230;]\n","protected":false},"author":1,"featured_media":0,"parent":0,"menu_order":0,"comment_status":"closed","ping_status":"closed","template":"","meta":{"footnotes":""},"class_list":["post-490","page","type-page","status-publish","hentry"],"yoast_head":"<!-- This site is optimized with the Yoast SEO plugin v25.7 - https:\/\/yoast.com\/wordpress\/plugins\/seo\/ -->\n<title>C\u01a1 s\u1edf v\u1eadt ch\u1ea5t \u0110\u00e0o t\u1ea1o &amp; NCKH - KHOA H\u00d3A<\/title>\n<meta name=\"robots\" content=\"index, follow, max-snippet:-1, max-image-preview:large, max-video-preview:-1\" \/>\n<link rel=\"canonical\" href=\"https:\/\/khoahoa.dut.udn.vn\/?page_id=490\" \/>\n<meta property=\"og:locale\" content=\"en_US\" \/>\n<meta property=\"og:type\" content=\"article\" \/>\n<meta property=\"og:title\" content=\"C\u01a1 s\u1edf v\u1eadt ch\u1ea5t \u0110\u00e0o t\u1ea1o &amp; NCKH - KHOA H\u00d3A\" \/>\n<meta property=\"og:description\" content=\"C\u01a1 s\u1edf v\u1eadt ch\u1ea5t \u0110\u00e0o t\u1ea1o v\u00e0 Nghi\u00ean c\u1ee9u khoa h\u1ecdc C\u00f9ng v\u1edbi s\u1ef1 ph\u00e1t tri\u1ec3n c\u01a1 s\u1edf v\u1eadt ch\u1ea5t c\u1ee7a tr\u01b0\u1eddng \u0110\u1ea1i h\u1ecdc B\u00e1ch khoa, khoa H\u00f3a trong nh\u1eefng n\u0103m g\u1ea7n \u0111\u00e2y \u0111\u00e3 \u0111\u01b0\u1ee3c trang b\u1ecb ng\u00e0y c\u00e0ng nhi\u1ec1u c\u00e1c ph\u00f2ng th\u00ed nghi\u1ec7m v\u1edbi trang thi\u1ebft b\u1ecb ph\u00f9 h\u1ee3p v\u00e0 hi\u1ec7n \u0111\u1ea1i. \u0110\u1ebfn nay [...]\" \/>\n<meta property=\"og:url\" content=\"https:\/\/khoahoa.dut.udn.vn\/?page_id=490\" \/>\n<meta property=\"og:site_name\" content=\"KHOA H\u00d3A\" \/>\n<meta property=\"article:modified_time\" content=\"2025-04-18T09:42:29+00:00\" \/>\n<meta name=\"twitter:card\" content=\"summary_large_image\" \/>\n<meta name=\"twitter:label1\" content=\"Est. reading time\" \/>\n\t<meta name=\"twitter:data1\" content=\"4 minutes\" \/>\n<script type=\"application\/ld+json\" class=\"yoast-schema-graph\">{\"@context\":\"https:\/\/schema.org\",\"@graph\":[{\"@type\":\"WebPage\",\"@id\":\"https:\/\/khoahoa.dut.udn.vn\/?page_id=490\",\"url\":\"https:\/\/khoahoa.dut.udn.vn\/?page_id=490\",\"name\":\"C\u01a1 s\u1edf v\u1eadt ch\u1ea5t \u0110\u00e0o t\u1ea1o & NCKH - KHOA H\u00d3A\",\"isPartOf\":{\"@id\":\"https:\/\/khoahoa.dut.udn.vn\/#website\"},\"datePublished\":\"2025-03-01T16:32:03+00:00\",\"dateModified\":\"2025-04-18T09:42:29+00:00\",\"breadcrumb\":{\"@id\":\"https:\/\/khoahoa.dut.udn.vn\/?page_id=490#breadcrumb\"},\"inLanguage\":\"en-US\",\"potentialAction\":[{\"@type\":\"ReadAction\",\"target\":[\"https:\/\/khoahoa.dut.udn.vn\/?page_id=490\"]}]},{\"@type\":\"BreadcrumbList\",\"@id\":\"https:\/\/khoahoa.dut.udn.vn\/?page_id=490#breadcrumb\",\"itemListElement\":[{\"@type\":\"ListItem\",\"position\":1,\"name\":\"Home\",\"item\":\"https:\/\/khoahoa.dut.udn.vn\/\"},{\"@type\":\"ListItem\",\"position\":2,\"name\":\"C\u01a1 s\u1edf v\u1eadt ch\u1ea5t \u0110\u00e0o t\u1ea1o &#038; NCKH\"}]},{\"@type\":\"WebSite\",\"@id\":\"https:\/\/khoahoa.dut.udn.vn\/#website\",\"url\":\"https:\/\/khoahoa.dut.udn.vn\/\",\"name\":\"KHOA H\u00d3A\",\"description\":\"\",\"potentialAction\":[{\"@type\":\"SearchAction\",\"target\":{\"@type\":\"EntryPoint\",\"urlTemplate\":\"https:\/\/khoahoa.dut.udn.vn\/?s={search_term_string}\"},\"query-input\":{\"@type\":\"PropertyValueSpecification\",\"valueRequired\":true,\"valueName\":\"search_term_string\"}}],\"inLanguage\":\"en-US\"}]}<\/script>\n<!-- \/ Yoast SEO plugin. -->","yoast_head_json":{"title":"C\u01a1 s\u1edf v\u1eadt ch\u1ea5t \u0110\u00e0o t\u1ea1o & NCKH - KHOA H\u00d3A","robots":{"index":"index","follow":"follow","max-snippet":"max-snippet:-1","max-image-preview":"max-image-preview:large","max-video-preview":"max-video-preview:-1"},"canonical":"https:\/\/khoahoa.dut.udn.vn\/?page_id=490","og_locale":"en_US","og_type":"article","og_title":"C\u01a1 s\u1edf v\u1eadt ch\u1ea5t \u0110\u00e0o t\u1ea1o & NCKH - KHOA H\u00d3A","og_description":"C\u01a1 s\u1edf v\u1eadt ch\u1ea5t \u0110\u00e0o t\u1ea1o v\u00e0 Nghi\u00ean c\u1ee9u khoa h\u1ecdc C\u00f9ng v\u1edbi s\u1ef1 ph\u00e1t tri\u1ec3n c\u01a1 s\u1edf v\u1eadt ch\u1ea5t c\u1ee7a tr\u01b0\u1eddng \u0110\u1ea1i h\u1ecdc B\u00e1ch khoa, khoa H\u00f3a trong nh\u1eefng n\u0103m g\u1ea7n \u0111\u00e2y \u0111\u00e3 \u0111\u01b0\u1ee3c trang b\u1ecb ng\u00e0y c\u00e0ng nhi\u1ec1u c\u00e1c ph\u00f2ng th\u00ed nghi\u1ec7m v\u1edbi trang thi\u1ebft b\u1ecb ph\u00f9 h\u1ee3p v\u00e0 hi\u1ec7n \u0111\u1ea1i. \u0110\u1ebfn nay [...]","og_url":"https:\/\/khoahoa.dut.udn.vn\/?page_id=490","og_site_name":"KHOA H\u00d3A","article_modified_time":"2025-04-18T09:42:29+00:00","twitter_card":"summary_large_image","twitter_misc":{"Est. reading time":"4 minutes"},"schema":{"@context":"https:\/\/schema.org","@graph":[{"@type":"WebPage","@id":"https:\/\/khoahoa.dut.udn.vn\/?page_id=490","url":"https:\/\/khoahoa.dut.udn.vn\/?page_id=490","name":"C\u01a1 s\u1edf v\u1eadt ch\u1ea5t \u0110\u00e0o t\u1ea1o & NCKH - KHOA H\u00d3A","isPartOf":{"@id":"https:\/\/khoahoa.dut.udn.vn\/#website"},"datePublished":"2025-03-01T16:32:03+00:00","dateModified":"2025-04-18T09:42:29+00:00","breadcrumb":{"@id":"https:\/\/khoahoa.dut.udn.vn\/?page_id=490#breadcrumb"},"inLanguage":"en-US","potentialAction":[{"@type":"ReadAction","target":["https:\/\/khoahoa.dut.udn.vn\/?page_id=490"]}]},{"@type":"BreadcrumbList","@id":"https:\/\/khoahoa.dut.udn.vn\/?page_id=490#breadcrumb","itemListElement":[{"@type":"ListItem","position":1,"name":"Home","item":"https:\/\/khoahoa.dut.udn.vn\/"},{"@type":"ListItem","position":2,"name":"C\u01a1 s\u1edf v\u1eadt ch\u1ea5t \u0110\u00e0o t\u1ea1o &#038; NCKH"}]},{"@type":"WebSite","@id":"https:\/\/khoahoa.dut.udn.vn\/#website","url":"https:\/\/khoahoa.dut.udn.vn\/","name":"KHOA H\u00d3A","description":"","potentialAction":[{"@type":"SearchAction","target":{"@type":"EntryPoint","urlTemplate":"https:\/\/khoahoa.dut.udn.vn\/?s={search_term_string}"},"query-input":{"@type":"PropertyValueSpecification","valueRequired":true,"valueName":"search_term_string"}}],"inLanguage":"en-US"}]}},"_links":{"self":[{"href":"https:\/\/khoahoa.dut.udn.vn\/index.php?rest_route=\/wp\/v2\/pages\/490","targetHints":{"allow":["GET"]}}],"collection":[{"href":"https:\/\/khoahoa.dut.udn.vn\/index.php?rest_route=\/wp\/v2\/pages"}],"about":[{"href":"https:\/\/khoahoa.dut.udn.vn\/index.php?rest_route=\/wp\/v2\/types\/page"}],"author":[{"embeddable":true,"href":"https:\/\/khoahoa.dut.udn.vn\/index.php?rest_route=\/wp\/v2\/users\/1"}],"replies":[{"embeddable":true,"href":"https:\/\/khoahoa.dut.udn.vn\/index.php?rest_route=%2Fwp%2Fv2%2Fcomments&post=490"}],"version-history":[{"count":3,"href":"https:\/\/khoahoa.dut.udn.vn\/index.php?rest_route=\/wp\/v2\/pages\/490\/revisions"}],"predecessor-version":[{"id":888,"href":"https:\/\/khoahoa.dut.udn.vn\/index.php?rest_route=\/wp\/v2\/pages\/490\/revisions\/888"}],"wp:attachment":[{"href":"https:\/\/khoahoa.dut.udn.vn\/index.php?rest_route=%2Fwp%2Fv2%2Fmedia&parent=490"}],"curies":[{"name":"wp","href":"https:\/\/api.w.org\/{rel}","templated":true}]}}