{"id":902,"date":"2025-04-19T02:54:29","date_gmt":"2025-04-18T19:54:29","guid":{"rendered":"https:\/\/khoahoa.dut.udn.vn\/?page_id=902"},"modified":"2025-04-19T16:39:33","modified_gmt":"2025-04-19T09:39:33","slug":"thong-tin-tuyen-sinh-thac-si-dot-1-2025","status":"publish","type":"page","link":"https:\/\/khoahoa.dut.udn.vn\/?page_id=902","title":{"rendered":"Th\u00f4ng tin tuy\u1ec3n sinh th\u1ea1c s\u0129 \u0111\u1ee3t 1 &#8211; 2025"},"content":{"rendered":"<p><span class=\"html-span xexx8yu x4uap5 x18d9i69 xkhd6sd x1hl2dhg x16tdsg8 x1vvkbs x3nfvp2 x1j61x8r x1fcty0u xdj266r xat24cr xgzva0m xhhsvwb xxymvpz xlup9mm x1kky2od\" style=\"color: #333333;\"><img loading=\"lazy\" decoding=\"async\" class=\"xz74otr x168nmei x13lgxp2 x5pf9jr xo71vjh\" src=\"https:\/\/static.xx.fbcdn.net\/images\/emoji.php\/v9\/te0\/1\/16\/1f31f.png\" alt=\"\ud83c\udf1f\" width=\"16\" height=\"16\" \/><\/span><span style=\"color: #333333;\"> TH\u00d4NG B\u00c1O TUY\u1ec2N SINH TR\u00ccNH \u0110\u1ed8 TH\u1ea0C S\u0128 &#8211; \u0110\u1ee2T 1 N\u0102M 2025 <\/span><span class=\"html-span xexx8yu x4uap5 x18d9i69 xkhd6sd x1hl2dhg x16tdsg8 x1vvkbs x3nfvp2 x1j61x8r x1fcty0u xdj266r xat24cr xgzva0m xhhsvwb xxymvpz xlup9mm x1kky2od\" style=\"color: #333333;\"><img loading=\"lazy\" decoding=\"async\" class=\"xz74otr x168nmei x13lgxp2 x5pf9jr xo71vjh\" src=\"https:\/\/static.xx.fbcdn.net\/images\/emoji.php\/v9\/te0\/1\/16\/1f31f.png\" alt=\"\ud83c\udf1f\" width=\"16\" height=\"16\" \/><\/span><\/p>\n<div class=\"x11i5rnm xat24cr x1mh8g0r x1vvkbs xtlvy1s x126k92a\">\n<div dir=\"auto\"><span class=\"html-span xexx8yu x4uap5 x18d9i69 xkhd6sd x1hl2dhg x16tdsg8 x1vvkbs x3nfvp2 x1j61x8r x1fcty0u xdj266r xat24cr xgzva0m xhhsvwb xxymvpz xlup9mm x1kky2od\"><img loading=\"lazy\" decoding=\"async\" class=\"xz74otr x168nmei x13lgxp2 x5pf9jr xo71vjh\" src=\"https:\/\/static.xx.fbcdn.net\/images\/emoji.php\/v9\/t87\/1\/16\/1f340.png\" alt=\"\ud83c\udf40\" width=\"16\" height=\"16\" \/><\/span> Khoa H\u00f3a &#8211; Tr\u01b0\u1eddng \u0110\u1ea1i h\u1ecdc B\u00e1ch Khoa, \u0110\u1ea1i h\u1ecdc \u0110\u00e0 N\u1eb5ng tuy\u1ec3n sinh tr\u00ecnh \u0111\u1ed9 \u0111\u00e0o t\u1ea1o th\u1ea1c s\u0129 v\u1edbi c\u00e1c th\u00f4ng tin sau:<\/div>\n<\/div>\n<div class=\"x11i5rnm xat24cr x1mh8g0r x1vvkbs xtlvy1s x126k92a\">\n<div dir=\"auto\"><\/div>\n<div dir=\"auto\"><span class=\"html-span xexx8yu x4uap5 x18d9i69 xkhd6sd x1hl2dhg x16tdsg8 x1vvkbs x3nfvp2 x1j61x8r x1fcty0u xdj266r xat24cr xgzva0m xhhsvwb xxymvpz xlup9mm x1kky2od\"><img loading=\"lazy\" decoding=\"async\" class=\"xz74otr x168nmei x13lgxp2 x5pf9jr xo71vjh\" src=\"https:\/\/static.xx.fbcdn.net\/images\/emoji.php\/v9\/t25\/1\/16\/1f393.png\" alt=\"\ud83c\udf93\" width=\"16\" height=\"16\" \/><\/span> Chuy\u00ean ng\u00e0nh \u0111\u00e0o t\u1ea1o:<\/div>\n<\/div>\n<div class=\"x11i5rnm xat24cr x1mh8g0r x1vvkbs xtlvy1s x126k92a\">\n<div dir=\"auto\"><span class=\"html-span xexx8yu x4uap5 x18d9i69 xkhd6sd x1hl2dhg x16tdsg8 x1vvkbs x3nfvp2 x1j61x8r x1fcty0u xdj266r xat24cr xgzva0m xhhsvwb xxymvpz xlup9mm x1kky2od\"><img loading=\"lazy\" decoding=\"async\" class=\"xz74otr x168nmei x13lgxp2 x5pf9jr xo71vjh\" src=\"https:\/\/static.xx.fbcdn.net\/images\/emoji.php\/v9\/t33\/1\/16\/2705.png\" alt=\"\u2705\" width=\"16\" height=\"16\" \/><\/span> K\u1ef9 thu\u1eadt H\u00f3a h\u1ecdc<\/div>\n<div dir=\"auto\"><span class=\"html-span xexx8yu x4uap5 x18d9i69 xkhd6sd x1hl2dhg x16tdsg8 x1vvkbs x3nfvp2 x1j61x8r x1fcty0u xdj266r xat24cr xgzva0m xhhsvwb xxymvpz xlup9mm x1kky2od\"><img loading=\"lazy\" decoding=\"async\" class=\"xz74otr x168nmei x13lgxp2 x5pf9jr xo71vjh\" src=\"https:\/\/static.xx.fbcdn.net\/images\/emoji.php\/v9\/t33\/1\/16\/2705.png\" alt=\"\u2705\" width=\"16\" height=\"16\" \/><\/span> C\u00f4ng ngh\u1ec7 Th\u1ef1c ph\u1ea9m<\/div>\n<div dir=\"auto\"><span class=\"html-span xexx8yu x4uap5 x18d9i69 xkhd6sd x1hl2dhg x16tdsg8 x1vvkbs x3nfvp2 x1j61x8r x1fcty0u xdj266r xat24cr xgzva0m xhhsvwb xxymvpz xlup9mm x1kky2od\"><img loading=\"lazy\" decoding=\"async\" class=\"xz74otr x168nmei x13lgxp2 x5pf9jr xo71vjh\" src=\"https:\/\/static.xx.fbcdn.net\/images\/emoji.php\/v9\/t33\/1\/16\/2705.png\" alt=\"\u2705\" width=\"16\" height=\"16\" \/><\/span> C\u00f4ng ngh\u1ec7 Sinh h\u1ecdc<\/div>\n<\/div>\n<div class=\"x11i5rnm xat24cr x1mh8g0r x1vvkbs xtlvy1s x126k92a\">\n<div dir=\"auto\"><\/div>\n<div dir=\"auto\"><span class=\"html-span xexx8yu x4uap5 x18d9i69 xkhd6sd x1hl2dhg x16tdsg8 x1vvkbs x3nfvp2 x1j61x8r x1fcty0u xdj266r xat24cr xgzva0m xhhsvwb xxymvpz xlup9mm x1kky2od\"><img loading=\"lazy\" decoding=\"async\" class=\"xz74otr x168nmei x13lgxp2 x5pf9jr xo71vjh\" src=\"https:\/\/static.xx.fbcdn.net\/images\/emoji.php\/v9\/t2b\/1\/16\/1f4cb.png\" alt=\"\ud83d\udccb\" width=\"16\" height=\"16\" \/> <\/span>Ph\u01b0\u01a1ng th\u1ee9c x\u00e9t tuy\u1ec3n: X\u00e9t k\u1ebft qu\u1ea3 h\u1ecdc t\u1eadp b\u1eadc \u0111\u1ea1i h\u1ecdc<\/div>\n<div dir=\"auto\"><span class=\"html-span xexx8yu x4uap5 x18d9i69 xkhd6sd x1hl2dhg x16tdsg8 x1vvkbs x3nfvp2 x1j61x8r x1fcty0u xdj266r xat24cr xgzva0m xhhsvwb xxymvpz xlup9mm x1kky2od\"><img loading=\"lazy\" decoding=\"async\" class=\"xz74otr x168nmei x13lgxp2 x5pf9jr xo71vjh\" src=\"https:\/\/static.xx.fbcdn.net\/images\/emoji.php\/v9\/t28\/1\/16\/1f3eb.png\" alt=\"\ud83c\udfeb\" width=\"16\" height=\"16\" \/><\/span> H\u00ecnh th\u1ee9c \u0111\u00e0o t\u1ea1o: Ch\u00ednh quy<\/div>\n<div dir=\"auto\"><span class=\"html-span xexx8yu x4uap5 x18d9i69 xkhd6sd x1hl2dhg x16tdsg8 x1vvkbs x3nfvp2 x1j61x8r x1fcty0u xdj266r xat24cr xgzva0m xhhsvwb xxymvpz xlup9mm x1kky2od\"><img loading=\"lazy\" decoding=\"async\" class=\"xz74otr x168nmei x13lgxp2 x5pf9jr xo71vjh\" src=\"https:\/\/static.xx.fbcdn.net\/images\/emoji.php\/v9\/t34\/1\/16\/23f0.png\" alt=\"\u23f0\" width=\"16\" height=\"16\" \/><\/span> Th\u1eddi gian \u0111\u00e0o t\u1ea1o: 2 n\u0103m<\/div>\n<div dir=\"auto\"><span class=\"html-span xexx8yu x4uap5 x18d9i69 xkhd6sd x1hl2dhg x16tdsg8 x1vvkbs x3nfvp2 x1j61x8r x1fcty0u xdj266r xat24cr xgzva0m xhhsvwb xxymvpz xlup9mm x1kky2od\"><img loading=\"lazy\" decoding=\"async\" class=\"xz74otr x168nmei x13lgxp2 x5pf9jr xo71vjh\" src=\"https:\/\/static.xx.fbcdn.net\/images\/emoji.php\/v9\/t7e\/1\/16\/1f4c5.png\" alt=\"\ud83d\udcc5\" width=\"16\" height=\"16\" \/><\/span> H\u1ea1n cu\u1ed1i n\u1ed9p h\u1ed3 s\u01a1: 20\/5\/2025<\/div>\n<\/div>\n<p><span class=\"html-span xexx8yu x4uap5 x18d9i69 xkhd6sd x1hl2dhg x16tdsg8 x1vvkbs x3nfvp2 x1j61x8r x1fcty0u xdj266r xat24cr xgzva0m xhhsvwb xxymvpz xlup9mm x1kky2od\"><img loading=\"lazy\" decoding=\"async\" class=\"xz74otr x168nmei x13lgxp2 x5pf9jr xo71vjh\" src=\"https:\/\/static.xx.fbcdn.net\/images\/emoji.php\/v9\/tb0\/1\/16\/1f3af.png\" alt=\"\ud83c\udfaf\" width=\"16\" height=\"16\" \/> <\/span>Th\u00f4ng tin chi ti\u1ebft xem<a href=\"https:\/\/dut.udn.vn\/Tintuc\/Thongbao\/id\/10167\"> t\u1ea1i \u0111\u00e2y<\/a><\/p>\n","protected":false},"excerpt":{"rendered":"<p>TH\u00d4NG B\u00c1O TUY\u1ec2N SINH TR\u00ccNH \u0110\u1ed8 TH\u1ea0C S\u0128 &#8211; \u0110\u1ee2T 1 N\u0102M 2025 Khoa H\u00f3a &#8211; Tr\u01b0\u1eddng \u0110\u1ea1i h\u1ecdc B\u00e1ch Khoa, \u0110\u1ea1i h\u1ecdc \u0110\u00e0 N\u1eb5ng tuy\u1ec3n sinh tr\u00ecnh \u0111\u1ed9 \u0111\u00e0o t\u1ea1o th\u1ea1c s\u0129 v\u1edbi c\u00e1c th\u00f4ng tin sau: Chuy\u00ean ng\u00e0nh \u0111\u00e0o t\u1ea1o: K\u1ef9 thu\u1eadt H\u00f3a h\u1ecdc C\u00f4ng ngh\u1ec7 Th\u1ef1c ph\u1ea9m C\u00f4ng ngh\u1ec7 Sinh h\u1ecdc Ph\u01b0\u01a1ng [&#8230;]\n","protected":false},"author":1,"featured_media":0,"parent":0,"menu_order":0,"comment_status":"closed","ping_status":"closed","template":"","meta":{"footnotes":""},"class_list":["post-902","page","type-page","status-publish","hentry"],"yoast_head":"<!-- This site is optimized with the Yoast SEO plugin v25.7 - https:\/\/yoast.com\/wordpress\/plugins\/seo\/ -->\n<title>Th\u00f4ng tin tuy\u1ec3n sinh th\u1ea1c s\u0129 \u0111\u1ee3t 1 - 2025 - KHOA H\u00d3A<\/title>\n<meta name=\"robots\" content=\"index, follow, max-snippet:-1, max-image-preview:large, max-video-preview:-1\" \/>\n<link rel=\"canonical\" href=\"https:\/\/khoahoa.dut.udn.vn\/?page_id=902\" \/>\n<meta property=\"og:locale\" content=\"en_US\" \/>\n<meta property=\"og:type\" content=\"article\" \/>\n<meta property=\"og:title\" content=\"Th\u00f4ng tin tuy\u1ec3n sinh th\u1ea1c s\u0129 \u0111\u1ee3t 1 - 2025 - KHOA H\u00d3A\" \/>\n<meta property=\"og:description\" content=\"TH\u00d4NG B\u00c1O TUY\u1ec2N SINH TR\u00ccNH \u0110\u1ed8 TH\u1ea0C S\u0128 &#8211; \u0110\u1ee2T 1 N\u0102M 2025 Khoa H\u00f3a &#8211; Tr\u01b0\u1eddng \u0110\u1ea1i h\u1ecdc B\u00e1ch Khoa, \u0110\u1ea1i h\u1ecdc \u0110\u00e0 N\u1eb5ng tuy\u1ec3n sinh tr\u00ecnh \u0111\u1ed9 \u0111\u00e0o t\u1ea1o th\u1ea1c s\u0129 v\u1edbi c\u00e1c th\u00f4ng tin sau: Chuy\u00ean ng\u00e0nh \u0111\u00e0o t\u1ea1o: K\u1ef9 thu\u1eadt H\u00f3a h\u1ecdc C\u00f4ng ngh\u1ec7 Th\u1ef1c ph\u1ea9m C\u00f4ng ngh\u1ec7 Sinh h\u1ecdc Ph\u01b0\u01a1ng [...]\" \/>\n<meta property=\"og:url\" content=\"https:\/\/khoahoa.dut.udn.vn\/?page_id=902\" \/>\n<meta property=\"og:site_name\" content=\"KHOA H\u00d3A\" \/>\n<meta property=\"article:modified_time\" content=\"2025-04-19T09:39:33+00:00\" \/>\n<meta property=\"og:image\" content=\"https:\/\/static.xx.fbcdn.net\/images\/emoji.php\/v9\/te0\/1\/16\/1f31f.png\" \/>\n<meta name=\"twitter:card\" content=\"summary_large_image\" \/>\n<meta name=\"twitter:label1\" content=\"Est. reading time\" \/>\n\t<meta name=\"twitter:data1\" content=\"3 minutes\" \/>\n<script type=\"application\/ld+json\" class=\"yoast-schema-graph\">{\"@context\":\"https:\/\/schema.org\",\"@graph\":[{\"@type\":\"WebPage\",\"@id\":\"https:\/\/khoahoa.dut.udn.vn\/?page_id=902\",\"url\":\"https:\/\/khoahoa.dut.udn.vn\/?page_id=902\",\"name\":\"Th\u00f4ng tin tuy\u1ec3n sinh th\u1ea1c s\u0129 \u0111\u1ee3t 1 - 2025 - KHOA H\u00d3A\",\"isPartOf\":{\"@id\":\"https:\/\/khoahoa.dut.udn.vn\/#website\"},\"primaryImageOfPage\":{\"@id\":\"https:\/\/khoahoa.dut.udn.vn\/?page_id=902#primaryimage\"},\"image\":{\"@id\":\"https:\/\/khoahoa.dut.udn.vn\/?page_id=902#primaryimage\"},\"thumbnailUrl\":\"https:\/\/static.xx.fbcdn.net\/images\/emoji.php\/v9\/te0\/1\/16\/1f31f.png\",\"datePublished\":\"2025-04-18T19:54:29+00:00\",\"dateModified\":\"2025-04-19T09:39:33+00:00\",\"breadcrumb\":{\"@id\":\"https:\/\/khoahoa.dut.udn.vn\/?page_id=902#breadcrumb\"},\"inLanguage\":\"en-US\",\"potentialAction\":[{\"@type\":\"ReadAction\",\"target\":[\"https:\/\/khoahoa.dut.udn.vn\/?page_id=902\"]}]},{\"@type\":\"ImageObject\",\"inLanguage\":\"en-US\",\"@id\":\"https:\/\/khoahoa.dut.udn.vn\/?page_id=902#primaryimage\",\"url\":\"https:\/\/static.xx.fbcdn.net\/images\/emoji.php\/v9\/te0\/1\/16\/1f31f.png\",\"contentUrl\":\"https:\/\/static.xx.fbcdn.net\/images\/emoji.php\/v9\/te0\/1\/16\/1f31f.png\"},{\"@type\":\"BreadcrumbList\",\"@id\":\"https:\/\/khoahoa.dut.udn.vn\/?page_id=902#breadcrumb\",\"itemListElement\":[{\"@type\":\"ListItem\",\"position\":1,\"name\":\"Home\",\"item\":\"https:\/\/khoahoa.dut.udn.vn\/\"},{\"@type\":\"ListItem\",\"position\":2,\"name\":\"Th\u00f4ng tin tuy\u1ec3n sinh th\u1ea1c s\u0129 \u0111\u1ee3t 1 &#8211; 2025\"}]},{\"@type\":\"WebSite\",\"@id\":\"https:\/\/khoahoa.dut.udn.vn\/#website\",\"url\":\"https:\/\/khoahoa.dut.udn.vn\/\",\"name\":\"KHOA H\u00d3A\",\"description\":\"\",\"potentialAction\":[{\"@type\":\"SearchAction\",\"target\":{\"@type\":\"EntryPoint\",\"urlTemplate\":\"https:\/\/khoahoa.dut.udn.vn\/?s={search_term_string}\"},\"query-input\":{\"@type\":\"PropertyValueSpecification\",\"valueRequired\":true,\"valueName\":\"search_term_string\"}}],\"inLanguage\":\"en-US\"}]}<\/script>\n<!-- \/ Yoast SEO plugin. -->","yoast_head_json":{"title":"Th\u00f4ng tin tuy\u1ec3n sinh th\u1ea1c s\u0129 \u0111\u1ee3t 1 - 2025 - KHOA H\u00d3A","robots":{"index":"index","follow":"follow","max-snippet":"max-snippet:-1","max-image-preview":"max-image-preview:large","max-video-preview":"max-video-preview:-1"},"canonical":"https:\/\/khoahoa.dut.udn.vn\/?page_id=902","og_locale":"en_US","og_type":"article","og_title":"Th\u00f4ng tin tuy\u1ec3n sinh th\u1ea1c s\u0129 \u0111\u1ee3t 1 - 2025 - KHOA H\u00d3A","og_description":"TH\u00d4NG B\u00c1O TUY\u1ec2N SINH TR\u00ccNH \u0110\u1ed8 TH\u1ea0C S\u0128 &#8211; \u0110\u1ee2T 1 N\u0102M 2025 Khoa H\u00f3a &#8211; Tr\u01b0\u1eddng \u0110\u1ea1i h\u1ecdc B\u00e1ch Khoa, \u0110\u1ea1i h\u1ecdc \u0110\u00e0 N\u1eb5ng tuy\u1ec3n sinh tr\u00ecnh \u0111\u1ed9 \u0111\u00e0o t\u1ea1o th\u1ea1c s\u0129 v\u1edbi c\u00e1c th\u00f4ng tin sau: Chuy\u00ean ng\u00e0nh \u0111\u00e0o t\u1ea1o: K\u1ef9 thu\u1eadt H\u00f3a h\u1ecdc C\u00f4ng ngh\u1ec7 Th\u1ef1c ph\u1ea9m C\u00f4ng ngh\u1ec7 Sinh h\u1ecdc Ph\u01b0\u01a1ng [...]","og_url":"https:\/\/khoahoa.dut.udn.vn\/?page_id=902","og_site_name":"KHOA H\u00d3A","article_modified_time":"2025-04-19T09:39:33+00:00","og_image":[{"url":"https:\/\/static.xx.fbcdn.net\/images\/emoji.php\/v9\/te0\/1\/16\/1f31f.png","type":"","width":"","height":""}],"twitter_card":"summary_large_image","twitter_misc":{"Est. reading time":"3 minutes"},"schema":{"@context":"https:\/\/schema.org","@graph":[{"@type":"WebPage","@id":"https:\/\/khoahoa.dut.udn.vn\/?page_id=902","url":"https:\/\/khoahoa.dut.udn.vn\/?page_id=902","name":"Th\u00f4ng tin tuy\u1ec3n sinh th\u1ea1c s\u0129 \u0111\u1ee3t 1 - 2025 - KHOA H\u00d3A","isPartOf":{"@id":"https:\/\/khoahoa.dut.udn.vn\/#website"},"primaryImageOfPage":{"@id":"https:\/\/khoahoa.dut.udn.vn\/?page_id=902#primaryimage"},"image":{"@id":"https:\/\/khoahoa.dut.udn.vn\/?page_id=902#primaryimage"},"thumbnailUrl":"https:\/\/static.xx.fbcdn.net\/images\/emoji.php\/v9\/te0\/1\/16\/1f31f.png","datePublished":"2025-04-18T19:54:29+00:00","dateModified":"2025-04-19T09:39:33+00:00","breadcrumb":{"@id":"https:\/\/khoahoa.dut.udn.vn\/?page_id=902#breadcrumb"},"inLanguage":"en-US","potentialAction":[{"@type":"ReadAction","target":["https:\/\/khoahoa.dut.udn.vn\/?page_id=902"]}]},{"@type":"ImageObject","inLanguage":"en-US","@id":"https:\/\/khoahoa.dut.udn.vn\/?page_id=902#primaryimage","url":"https:\/\/static.xx.fbcdn.net\/images\/emoji.php\/v9\/te0\/1\/16\/1f31f.png","contentUrl":"https:\/\/static.xx.fbcdn.net\/images\/emoji.php\/v9\/te0\/1\/16\/1f31f.png"},{"@type":"BreadcrumbList","@id":"https:\/\/khoahoa.dut.udn.vn\/?page_id=902#breadcrumb","itemListElement":[{"@type":"ListItem","position":1,"name":"Home","item":"https:\/\/khoahoa.dut.udn.vn\/"},{"@type":"ListItem","position":2,"name":"Th\u00f4ng tin tuy\u1ec3n sinh th\u1ea1c s\u0129 \u0111\u1ee3t 1 &#8211; 2025"}]},{"@type":"WebSite","@id":"https:\/\/khoahoa.dut.udn.vn\/#website","url":"https:\/\/khoahoa.dut.udn.vn\/","name":"KHOA H\u00d3A","description":"","potentialAction":[{"@type":"SearchAction","target":{"@type":"EntryPoint","urlTemplate":"https:\/\/khoahoa.dut.udn.vn\/?s={search_term_string}"},"query-input":{"@type":"PropertyValueSpecification","valueRequired":true,"valueName":"search_term_string"}}],"inLanguage":"en-US"}]}},"_links":{"self":[{"href":"https:\/\/khoahoa.dut.udn.vn\/index.php?rest_route=\/wp\/v2\/pages\/902","targetHints":{"allow":["GET"]}}],"collection":[{"href":"https:\/\/khoahoa.dut.udn.vn\/index.php?rest_route=\/wp\/v2\/pages"}],"about":[{"href":"https:\/\/khoahoa.dut.udn.vn\/index.php?rest_route=\/wp\/v2\/types\/page"}],"author":[{"embeddable":true,"href":"https:\/\/khoahoa.dut.udn.vn\/index.php?rest_route=\/wp\/v2\/users\/1"}],"replies":[{"embeddable":true,"href":"https:\/\/khoahoa.dut.udn.vn\/index.php?rest_route=%2Fwp%2Fv2%2Fcomments&post=902"}],"version-history":[{"count":7,"href":"https:\/\/khoahoa.dut.udn.vn\/index.php?rest_route=\/wp\/v2\/pages\/902\/revisions"}],"predecessor-version":[{"id":910,"href":"https:\/\/khoahoa.dut.udn.vn\/index.php?rest_route=\/wp\/v2\/pages\/902\/revisions\/910"}],"wp:attachment":[{"href":"https:\/\/khoahoa.dut.udn.vn\/index.php?rest_route=%2Fwp%2Fv2%2Fmedia&parent=902"}],"curies":[{"name":"wp","href":"https:\/\/api.w.org\/{rel}","templated":true}]}}